 3, 421, 2604671
What are the prime factors of 5212450699?
17, 306614747
What are the prime factors of 4599622682?
2, 2299811341
What are the prime factors of 68529463?
191, 358793
What are the prime factors of 7179828368?
2, 448739273
List the prime factors of 1692289.
947, 1787
What are the prime factors of 30334369?
13, 1117, 2089
What are the prime factors of 102485616?
2, 3, 2135117
List the prime factors of 3901512901.
11, 13, 27283307
What are the prime factors of 4585453377?
3, 1528484459
List the prime factors of 1593169968.
2, 3, 13, 2553157
List the prime factors of 124358145.
3, 5, 17, 28687
What are the prime factors of 20618293?
20618293
List the prime factors of 29250114.
2, 3, 271, 17989
What are the prime factors of 2117425942?
2, 1058712971
List the prime factors of 1135233980.
2, 5, 149, 380951
What are the prime factors of 1708082341?
7, 244011763
List the prime factors of 3999882.
2, 3, 666647
What are the prime factors of 341064282?
2, 3, 13, 409, 10691
List the prime factors of 1761805118.
2, 53, 389, 42727
List the prime factors of 7209742104.
2, 3, 23, 4353709
What are the prime factors of 58274145?
3, 5, 389, 3329
List the prime factors of 339095058.
2, 3, 56515843
What are the prime factors of 288188226?
2, 3, 167, 31957
List the prime factors of 1320866684.
2, 330216671
List the prime factors of 23049048.
2, 3, 11, 7937
List the prime factors of 1193523309.
3, 11, 365327
List the prime factors of 2974278445.
5, 631, 942719
List the prime factors of 10586292.
2, 3, 37, 113, 211
List the prime factors of 253744734.
2, 3, 19, 31, 3779
What are the prime factors of 214389923?
11, 23, 227, 3733
What are the prime factors of 106296157?
11, 269, 35923
List the prime factors of 3516646794.
2, 3, 586107799
What are the prime factors of 4345159136?
2, 7853, 17291
What are the prime factors of 2161847661?
3, 43, 67, 389, 643
What are the prime factors of 356347428?
2, 3, 443, 67033
List the prime factors of 51040642.
2, 25520321
List the prime factors of 367515614.
2, 183757807
What are the prime factors of 60122057?
131, 458947
What are the prime factors of 916536687?
3, 11, 19, 1461781
What are the prime factors of 182108558?
2, 5923, 15373
What are the prime factors of 837526464?
2, 3, 47, 30937
What are the prime factors of 129563704?
2, 191, 84793
List the prime factors of 187425676.
2, 46856419
What are the prime factors of 427656179?
4339, 98561
List the prime factors of 349925673.
3, 116641891
What are the prime factors of 4522424147?
4522424147
List the prime factors of 40271483.
7, 107, 7681
What are the prime factors of 159409032?
2, 3, 59, 112577
List the prime factors of 276309251.
276309251
List the prime factors of 188356145.
5, 79, 476851
List the prime factors of 139690080.
2, 3, 5, 97007
List the prime factors of 24497220.
2, 3, 5, 11, 37117
List the prime factors of 184180025.
5, 109, 67589
What are the prime factors of 7361489?
59, 124771
List the prime factors of 53427702.
2, 3, 17, 523801
What are the prime factors of 314015341?
719, 436739
What are the prime factors of 584907667?
584907667
List the prime factors of 3382951348.
2, 7, 120819691
List the prime factors of 286424427.
3, 1249, 76441
What are the prime factors of 1177736567?
7, 1237, 136013
What are the prime factors of 146621555?
5, 29324311
List the prime factors of 577758389.
13, 61, 728573
List the prime factors of 4628731452.
2, 3, 1063, 362867
List the prime factors of 53868985.
5, 10773797
What are the prime factors of 9658609?
9658609
What are the prime factors of 864242102?
2, 1597, 270583
What are the prime factors of 975280472?
2, 121910059
List the prime factors of 1388365460.
2, 5, 113, 614321
List the prime factors of 64674054.
2, 3, 3593003
List the prime factors of 4856872.
2, 607109
List the prime factors of 156363019.
156363019
List the prime factors of 1132817660.
2, 5, 13, 4356991
What are the prime factors of 6514633219?
101, 5801, 11119
List the prime factors of 103079744.
2, 23, 239, 293
What are the prime factors of 262650619?
7, 11, 3411047
What are the prime factors of 65736244?
2, 7, 31, 349
What are the prime factors of 496016317?
496016317
List the prime factors of 117406396.
2, 19, 599, 2579
What are the prime factors of 81221438?
2, 37, 157, 6991
What are the prime factors of 371053555?
5, 74210711
What are the prime factors of 413220535?
5, 7, 13, 127, 7151
What are the prime factors of 410562874?
2, 89, 1409, 1637
List the prime factors of 125477405.
5, 25095481
What are the prime factors of 210635129?
210635129
List the prime factors of 2002220127.
3, 23, 358243
What are the prime factors of 109512895?
5, 17, 107, 12041
What are the prime factors of 12672236?
2, 419, 7561
List the prime factors of 1539491093.
7, 19, 31, 67, 5573
List the prime factors of 53653351.
71, 755681
List the prime factors of 32409463.
17, 1906439
List the prime factors of 296863116.
2, 3, 11, 23, 277, 353
What are the prime factors of 171112704?
2, 3, 7, 4547
List the prime factors of 51759043.
7, 150901
What are the prime factors of 356644882?
2, 11, 239, 67829
List the prime factors of 255952392.
2, 3, 2459, 4337
List the prime factors of 1896623053.
13, 145894081
What are the prime factors of 131111535?
3, 5, 37, 337, 701
What are the prime factors of 217937945?
5, 691, 63079
List the prime factors of 5578156683.
3, 11, 103, 283, 1933
List the prime factors of 19547084.
2, 61, 80111
What are the prime factors of 1209790316?
2, 7, 127, 340211
List the prime factors of 454045367.
17, 26708551
List the prime factors of 914441091.
3, 89, 1289, 2657
What are the prime factors of 46238012?
2, 37, 151, 2069
What are the prime factors of 193379769?
3, 11, 1953331
What are the prime factors of 183076293?
3, 89, 685679
What are the prime factors of 944869715?
5, 19, 9945997
What are the prime factors of 368232385?
5, 73646477
What are the prime factors of 17444441?
7, 577, 617
List the prime factors of 30915918.
2, 3, 11, 5783
List the prime factors of 1185360939.
3, 7, 109, 163, 353
What are the prime factors of 817174052?
2, 204293513
List the prime factors of 254494013.
61, 227, 18379
List the prime factors of 385655851.
7, 701, 78593
List the prime factors of 3189233254.
2, 1594616627
List the prime factors of 246354673.
246354673
List the prime factors of 1117075.
5, 44683
List the prime factors of 4275446209.
563, 1637, 4639
What are the prime factors of 443115612?
2, 3, 31, 397057
List the prime factors of 622690043.
401, 1552843
List the prime factors of 64330851.
3, 13, 541, 3049
What are the prime factors of 14788562?
2, 7394281
What are the prime factors of 27737311?
7, 29, 139, 983
List the prime factors of 103070422.
2, 7, 13, 17, 4759
List the prime factors of 309398550.
2, 3, 5, 2062657
List the prime factors of 1254461601.
3, 418153867
What are the prime factors of 3945353028?
2, 3, 43, 7646033
List the prime factors of 14866862.
2, 7433431
What are the prime factors of 64313366?
2, 13, 19, 101, 1289
List the prime factors of 1994861375.
5, 13, 43, 28549
What are the prime factors of 470056571?
223, 2107877
What are the prime factors of 190498778?
2, 83, 1147583
What are the prime factors of 1425138354?
2, 3, 79, 334069
List the prime factors of 77396745.
3, 5, 71, 72673
List the prime factors of 89364160.
2, 5, 97, 2879
What are the prime factors of 30552620?
2, 5, 7, 218233
List the prime factors of 150023366.
2, 3923, 19121
What are the prime factors of 226025641?
226025641
What are the prime factors of 41629060?
2, 5, 11, 189223
What are the prime factors of 345710907?
3, 23, 1151, 1451
List the prime factors of 2210134571.
2210134571
List the prime factors of 274874004.
2, 3, 41, 186229
What are the prime factors of 1509451362?
2, 3, 659, 1571
List the prime factors of 286312552.
2, 131, 359, 761
List the prime factors of 292132454.
2, 17, 43, 211, 947
List the prime factors of 49210316.
2, 47, 261757
What are the prime factors of 100083850?
2, 5, 2001677
List the prime factors of 11330429.
11, 1030039
What are the prime factors of 3272472223?
23, 67, 2123603
What are the prime factors of 14839438?
2, 7419719
What are the prime factors of 30028196?
2, 11, 359, 1901
List the prime factors of 22497104.
2, 7, 200867
Wha